= 11*n**2 - 16*n - 101. Let y(m) = -3*u(m) - 7*z(m). What is the units digit of y(-29)?
2
Let v = 132 - -534. Let m = v - -478. What is the thousands digit of m?
1
Suppose 0 = 4*n - 5*n + 45. Let a be (-30)/n - -1*(-568)/(-6). Let k = a - -42. What is the units digit of k?
6
Suppose 5*q + 5*r - 165085 = 0, 4*q + 277*r - 132047 = 276*r. What is the hundreds digit of q?
0
Suppose 6505 = q - 9029. Suppose q = 54*v - 36*v. What is the hundreds digit of v?
8
Let w(q) = -11*q - 14. Let c be w(-5). Let u = -116 + c. Let z = u - -156. What is the tens digit of z?
8
Let d = -426 + 102. Let m = 602 + d. Let l = m - 173. What is the units digit of l?
5
Let j = -613 - -868. What is the tens digit of j?
5
Suppose 0 = 84*o - 325531 - 56501. What is the units digit of o?
8
What is the thousands digit of (-6)/12*35508/(2 - 5)?
5
Suppose -7*z - 1574 = 526. Let o = 781 + z. What is the hundreds digit of o?
4
Suppose -2*r - 1704 = -2*l + 548, 0 = -3*r + 12. Let m = -720 + l. What is the units digit of m?
0
Let v = 14725 + -5539. What is the thousands digit of v?
9
Let r(h) = -h**3 + 2*h**2 - 3*h + 2. Let t be r(1). Suppose -5*q + 1197 = -3*d, -12 = 3*d - t*d. What is the hundreds digit of q?
2
Let m = 41974 + -21340. What is the tens digit of m?
3
Suppose -7*m = 2*m - 1827. Suppose -4*q + 819 = m. Suppose 4*p = -10 + q. What is the tens digit of p?
3
Let v(w) = 657*w + 5762. What is the hundreds digit of v(21)?
5
Let h be 1 + (-25955)/40 + 2/(-16). Let q = h - -1033. What is the tens digit of q?
8
Let d = -1975 + 1262. Let o = d - -1083. What is the units digit of ((-28)/140)/((-2)/o)?
7
Let d = -280 - -288. Suppose -d*b - 56*b = -43712. What is the tens digit of b?
8
Let u(g) = -261*g + 500. What is the units digit of u(-10)?
0
Let i(m) = 2*m**2 - 7*m - 1. Let j be i(5). Let x = j - 19. What is the units digit of -2 - (-2 + 4)*x?
8
Let s be (192/(-30) + 7)*(-10)/(-1). Suppose -s*x = -2*x - 1048. What is the hundreds digit of x?
2
Let j(a) = -a**2 + 5*a - 3. Let w be j(5). Suppose 7*o - 12 = 4*o. What is the units digit of w + o/(3/3)?
1
What is the tens digit of 109800/54*15/10?
5
What is the hundreds digit of (-24)/(-90)*3*575/2?
2
Let u(h) = 2*h**2 + 8. Let g be u(3). Suppose -g = k - 149. Suppose -2*f + k = -y, -5*f + 4*y = -326 + 11. What is the units digit of f?
9
Let s = 1442 + -2089. Let t = 258 - s. What is the hundreds digit of t?
9
Let d = 102 - -83. Let u be (5 - 7)*(-42)/12. Suppose -u*z - d = -1361. What is the hundreds digit of z?
1
Let o = -1871 + 2949. What is the hundreds digit of o?
0
Let q(d) = -8*d**3 - 15*d**2 - 3*d + 2. Let n(v) = -15*v**3 - 29*v**2 - 6*v + 5. Let c(f) = 3*n(f) - 5*q(f). What is the hundreds digit of c(-5)?
3
Let a(f) = -f**3 - 3*f**2 + 4*f. Let u(y) = y - 9. Let m be u(5). Let o be a(m). Suppose i + 282 = 5*n, -5*n - 4*i + 93 + 204 = o. What is the tens digit of n?
5
Suppose -28*o + 188318 = 18*o - 33*o. What is the hundreds digit of o?
4
Suppose -5*v - 3*u = -30909, -31*v + 33*v = -2*u + 12366. What is the thousands digit of v?
6
Suppose -4*b - b = -v - 2, b + 5 = 2*v. Suppose 5*i - 369 = 4*k, -77 = -i + v*k + k. What is the tens digit of i?
7
Suppose 3*c + 2*m = 119774, 0 = 237*c - 239*c + 4*m + 79892. What is the tens digit of c?
3
Let d be 3/6*(-2 - (0 - 8)). Suppose 3*p - 6*p = 4*o - 193, 0 = -d*p - 3. Let x = o + 166. What is the units digit of x?
5
Let i(t) = t**2 + 22*t + 32. Let n be i(-23). What is the tens digit of 13265/n - 4/22?
4
What is the hundreds digit of (-17592)/72*(-3 + 2)*48/1?
7
Let j(p) = -6*p - 27. Let g be j(-5). What is the tens digit of (-2333)/(-8) - g/(-72)*9?
9
Suppose -3*v - v = -16. Suppose v*i + 4*i = -288. Let j = 163 + i. What is the hundreds digit of j?
1
Let z = -6763 + 27282. What is the hundreds digit of z?
5
Let r = 41669 - 12408. What is the tens digit of r?
6
Suppose -14*n = 17*n - 62. What is the hundreds digit of -4 - (n*-73)/((-2)/(-16))?
1
Suppose 161 = g + 138. Suppose -2*w = -g*w + 6258. What is the tens digit of w?
9
Let f(q) = -q**2 + 9*q - 14. Let o = 104 - 97. Let x be f(o). Suppose 5*h = 3*n + 657 + 271, x = -5*h - 5*n + 960. What is the hundreds digit of h?
1
Suppose -135*y + 128*y - 595 = 0. What is the units digit of (-10)/y + 7816/34?
0
Let v(k) = 6*k**2 - 3*k - 11. Let o be (-30)/4 + (10 - (-23)/(-2)). What is the units digit of v(o)?
2
What is the thousands digit of 5 + ((-307)/(-2))/(87/2610)?
4
Let b(a) = a**3 + 28*a**2 + 8*a + 346. What is the thousands digit of b(-24)?
2
Suppose 5*p + 17077 = 3*m, -p - 18480 = -3*m - 1423. What is the units digit of m?
4
Let l be (-1)/((7/(-169))/(-7)). Let y = 709 + l. What is the units digit of y?
0
Let m(j) = 19*j**2 + 18*j - 18. Suppose c + 21 = -4*p + 17, 0 = 2*c - 5*p - 31. What is the thousands digit of m(c)?
1
Suppose 4479 = 2*r - 4897. Suppose -4*x = -r + 1404. What is the units digit of x?
1
Let r = -1163 - -1972. Let p(i) = 3*i - 3. Let y be p(2). Suppose -y*s = 7*j - 2*j - r, s - 3*j = 265. What is the units digit of s?
8
Let d(v) = v**3 + 9*v**2 - 9*v - 3. Suppose 54*z - 55*z + 20 = 0. Suppose -6*k = -k + z, 57 = -5*l - 3*k. What is the units digit of d(l)?
8
Let l(g) = 3*g + 20. Let a be l(-8). Let o be -18*(-6)/a - 2. Let n = o - -77. What is the tens digit of n?
4
What is the hundreds digit of 2577/(-5)*11900/(-1020)?
0
Let z = 35 + -35. Suppose z = 6*q - 7*q + 4. Suppose -q*p + 40 = 8. What is the units digit of p?
8
Let u(f) = -f**2 + 7*f + 3269. What is the hundreds digit of u(0)?
2
Suppose 44 = 4*x + y, -3*x + 4*y = 6*y - 33. Suppose 38*a - x*a - 9909 = 0. What is the tens digit of a?
6
What is the units digit of (-2115)/(2/4*37/(-148))?
0
What is the units digit of 1764/2*(2/(-21) + (-8613)/(-1134))?
5
Let t(l) = 486*l - 6141. What is the units digit of t(52)?
1
Suppose -4*p + 5*v = -616, 5*p + 0*v - 2*v = 753. Suppose 0 = 2*q + 67 - p. What is the tens digit of q?
4
Let o(k) = -9*k**2 - 7*k + 2. Let t be o(-1). Suppose t = -6*i + 21*i - 7995. What is the tens digit of i?
3
What is the thousands digit of -22 + (-104538)/(140/(-10))?
7
Suppose -12*k = -865 + 61. Suppose 72*g = k*g + 585. What is the units digit of g?
7
Let a = -98598 + 140964. What is the hundreds digit of a?
3
Suppose 0*v - 120 = 2*v. What is the units digit of 20/v - (-1298)/6?
6
Let c = 83 - 56. Suppose t - 3*v = -8, v + 3 = -5*t + c. Suppose -4*z + t*q = -106 - 150, -4 = 2*q. What is the units digit of z?
2
Let o = 30 - 33. Let w(i) = -4*i**3 + 5*i + 2. What is the tens digit of w(o)?
9
Suppose -3*y = -2084*g + 2085*g - 4315, 7*y = 3*g + 10111. What is the units digit of y?
1
Let v be 3*2/12 + (-19950)/(-84). Let s = -42 + v. What is the units digit of s?
6
Let o(i) = -i**2 + 7*i + 4. Suppose -t + 10 = f + 1, -5*t + 37 = 3*f. Suppose 0 = -2*n + 2*p + 6, t*n - 5*p + 7*p - 43 = 0. What is the units digit of o(n)?
4
Let j(z) = 48*z - 113. Let f(w) = -49*w + 112. Let a(d) = -5*f(d) - 4*j(d). What is the units digit of a(13)?
1
Let x = 60803 + -38284. What is the ten thousands digit of x?
2
Let c be 1 - 25/10*(-8)/10. What is the tens digit of c*(-2)/(-24) + (-2685)/(-12)?
2
Let t(c) = 17*c**2 + 9*c - 11. Let x be (-5)/((-20)/8)*18/(-4). What is the hundreds digit of t(x)?
2
Suppose b + 10 = 12. Suppose -b*i - 30 = -3*o, -3*i + 16 = 2*o - 4. Let j = 11 - o. What is the units digit of j?
1
What is the tens digit of -3*55904/240*(-1 - 4)*1?
9
Let l(z) = 845*z**2 - 521*z + 2580. What is the thousands digit of l(5)?
1
Let l be 17511 + -6 + 11 + -8. What is the hundreds digit of (-24)/28 + l/42?
4
Let f(x) = 32*x**2 - 29*x - 29. Let y be f(6). Let h = y + -74. What is the hundreds digit of h?
8
Let j be (7/(140/688))/((-18)/(-585)). Let c = j + 457. What is the thousands digit of c?
1
Suppose -3*j + 4*j = -t + 1, 0 = 3*j + t - 9. Suppose j*i - 3*s = 37, -s + 11 = 2*i - 0. Let v = i + 126. What is the tens digit of v?
3
Let h(z) = -z**3 + 4*z**2 - 4*z - 1. Let k(n) = 2*n**3 - 2*n + 2. Let f be k(1). Let o be h(f). What is the units digit of ((-336)/(-16)*(o + -1))/(-1)?
2
Suppose -4*q = 4*b - 1968, -2466 = 6*b - 11*b + q. Let y = b - 311. What is the units digit of y?
2
Let h(t) = 22*t + 238. Let i be h(-10). What is the units digit of -39*(-30)/i - 2 - -4?
7
Let r(b) = 7*b + 119. Suppose y = 2*i + 4, i + 12 = 2*y + y. Suppose 5*x + i + 0 = 